se -7*z - 17*z = -48. Is p(z) composite?
True
Suppose -3*t = 4*d - 45 - 4, t - 17 = -d. Suppose -3*v + 3*a + t = 4, a = 4*v - 32. Let f(q) = 4*q**2 + 14*q - 31. Is f(v) prime?
True
Let i(a) = 49*a - 98. Let x be i(-25). Let d = 2218 + x. Is d prime?
False
Let o be -1 + 5 + 11343 + 0/(-5). Let i = -6930 + o. Is i a prime number?
False
Suppose 100 = 7*h + 142. Is 75622/6 + ((-2)/h - 1) composite?
True
Let r be 0 - -20 - 0/21. Suppose -17*q - 24 = -r*q. Let c(d) = 3*d**2 - 12*d + 15. Is c(q) prime?
False
Let i(j) = -j**3 + j**2 - 5. Let u be i(0). Let t(d) = -12*d**2 - 2*d + 3. Let o(v) = v + 1. Let b(c) = -2*o(c) - t(c). Is b(u) prime?
False
Suppose -p + 897409 = 4*h, -9*h + 2*p = -10*h + 224361. Is h a composite number?
False
Let j = 172 - 171. Is (-1 - -296)*j*5/5 composite?
True
Let s(x) = -x**2 - 13*x + 11107. Suppose -2*b - 5*a - 11 = -1, -10 = -3*b + 5*a. Is s(b) composite?
True
Let u(g) = -441*g - 8. Let y be 136/102*(3/2)/1. Suppose 11 = -2*k + 3*v, y*k + 7 = -3*v - 10. Is u(k) composite?
False
Let z be (237 - 0)*66/(-99). Is (-6 + 4)*z - 5 composite?
False
Suppose 5*j + 266 = 2*l + 64, 5*l - 451 = -j. Let d(o) = -8*o**2 + 3*o - 3. Let s be d(3). Let b = l - s. Is b a prime number?
True
Suppose 92 = -9*n + 13*n. Let q = n - 24. Is (-199)/((-7 - -8)*(-2 - q)) a prime number?
True
Suppose -4*n + 7 = o, -3*n - 10*o + 13*o = 6. Is (n + 133)*1147/74 a prime number?
False
Suppose -425*z + 49811606 = -13886969. Is z a prime number?
False
Suppose -f + 2*n = -456273, -2*f + n = -51742 - 860798. Is f composite?
True
Let n(g) = 2*g**3 + 3*g**2 + 2*g - 8. Suppose 2*r - 18 = -10. Suppose -8*i = -r*i - 4*b - 36, -i = 4*b + 1. Is n(i) a composite number?
False
Suppose 3*p = 11*p - 2760. Suppose m = 5*r + p, 4*r - 1673 = -5*m + 3*r. Is m a composite number?
True
Suppose -9*i + 5*c = -4*i + 145, 3*i - c + 77 = 0. Let p = i + 32. Is 2346/p + 1*2/(-8) composite?
False
Let q be (-11)/3 + (-4)/12. Let s = -2 - q. Suppose -s*l - 5*p = -l - 177, l + 2*p - 183 = 0. Is l prime?
False
Let q(v) = -36937*v + 652. Is q(-3) composite?
True
Suppose -4*z + 26 + 31 = 3*n, -n = -z - 26. Suppose 9*o - n = 13. Suppose -220 = -4*t - o*l, -5*l - 361 + 46 = -5*t. Is t prime?
True
Let r(x) = x + 1. Let l be r(1). Suppose l*t = -t. Suppose 6*c + 567 - 3873 = t. Is c composite?
True
Suppose -72 = -4*v - 0*v - 4*n, 42 = 2*v - n. Let b = -21 + v. Let s = b + 116. Is s a composite number?
True
Let s(y) = -9 - 1 + 8 + 4*y - 4*y**2 + y**2. Let q be s(2). Is (q/(-12))/((-1918)/(-1916) + -1) composite?
False
Let t(w) = 20*w**3 + 10*w**2 + 27*w - 29. Is t(10) prime?
False
Let k be ((-8)/(-12))/(((-4)/(-4))/3). Suppose -4*j = -2*a - 7 + 7385, -11083 = -3*a + k*j. Is a prime?
True
Suppose 197*h - 27369116 = 129*h. Is h composite?
False
Let s(n) = -n**3 + 8*n**2 + 9*n + 2. Let m be s(9). Let v(b) = 15*b + 13*b - 4*b - m. Is v(22) composite?
True
Suppose -3*f - 105 = -6*f - 3*x, 3*x - 70 = -2*f. Suppose -3*q + f = 2*q + 2*d, -d - 14 = -q. Suppose -q*g = -4175 - 2998. Is g prime?
True
Suppose -10*n - 165494 = -30*n + 242886. Is n prime?
False
Let r = -30 + 39. Suppose 0 = l - 5*k - 12 - r, 0 = -5*l - 5*k - 15. Let d(b) = 1151*b**2 + 2*b - 2. Is d(l) a composite number?
False
Let p be 3/(1 - 5/20). Suppose 0 = -2*n + 2, 0 = w - p*n - 431 - 127. Let a = 187 + w. Is a a composite number?
True
Let k(w) = 16*w**3 + 33*w**2 + 41*w - 57. Let z(n) = 5*n**3 + 11*n**2 + 14*n - 19. Let i(u) = 3*k(u) - 8*z(u). Is i(9) a composite number?
False
Let p = -80 - -73. Let u(h) = 65*h**2 + 4*h + 6. Is u(p) a prime number?
True
Let c(d) = 3*d**3 + 19*d**2 + 12*d + 36. Let s be c(-6). Suppose -2*f + 5*m = -14109, -5*f + 2*m + 5512 + 29771 = s. Is f composite?
False
Let q(a) = -a**2 + 40*a - 23. Let j be q(29). Let h = 931 - j. Is h a prime number?
False
Let c be 1/((-2)/(-5))*(-14)/(-7). Suppose 0 = 4*x + 3*q + 862 - 8154, 0 = -c*x - q + 9115. Suppose 2781 = 4*w - x. Is w composite?
False
Is (648700/(-8) + -2)*1*(0 + -2) a prime number?
False
Is ((184 + -36)/37)/(49161/49157 - 1) prime?
True
Is 51/34*(36115 + -2 - (-5 - 0)) composite?
True
Let j = 933 - -15. Suppose 118055 = -j*p + 955*p. Is p a composite number?
True
Let y(z) = 327*z**2 - 9*z + 21. Let t be y(4). Suppose q - 5*h = 2614, -4*q + t = -2*q + h. Is q prime?
True
Let u = -307 + 311. Suppose -3*g - 80392 = -u*t + 2*t, 0 = 3*g + 6. Is t a composite number?
False
Let s(l) = 62 - 25 + 26 + 4 + 263*l + 53. Is s(29) a composite number?
True
Let s(p) = -31 - p - 6*p + 3*p**2 + 24 + p**2. Let v be s(6). Let o = v - -62. Is o composite?
False
Let f(w) = w**2 - 1. Let d = -91 + 90. Let r(b) = 6*b**3 + 4*b**2 - b - 22. Let n(q) = d*r(q) - 3*f(q). Is n(-10) a prime number?
False
Let t(g) = g**3 - 6*g**2 - 2*g + 9. Let v be t(6). Is (1382/4)/((-1)/6*v) a composite number?
False
Let s = 3268 + -3262. Let x(k) = 294*k + 7. Let h(l) = -l + 1. Let f(z) = 2*h(z) + x(z). Is f(s) a composite number?
True
Let s(n) = -939*n**2 + 15*n - 35. Let i be s(3). Let q = 19203 + i. Is q a prime number?
False
Let s be (-15)/(2 - 1)*1. Let v(i) = 14*i**3 - 4*i + 34 - 15*i**3 - 26 - 14*i**2. Is v(s) a composite number?
False
Let k = -860 + -1537. Let m = k - -4550. Is m prime?
True
Let p(z) = -6*z**3 + 26*z**2 + 10*z - 41. Is p(-22) prime?
False
Let n(j) be the second derivative of 199*j**4/4 + j**3/2 + j**2 - 3*j - 10. Is n(-3) a composite number?
True
Is (3922191/468)/(2/(24/21)) composite?
False
Let p = -18 - -34. Let x = p - 17. Let b(v) = 256*v**2 - v. Is b(x) composite?
False
Let l = -11852 - -68141. Let d = -33040 + l. Is d a composite number?
True
Let f(u) = -2*u + 3*u + 6 - 9. Let h be f(5). Let i = h - -139. Is i a composite number?
True
Let f be 22/(-44) - (-6)/4. Let k be (-2*f)/(4/(8/2)). Is 6*288 + (2 + k - -3) composite?
True
Suppose -2*c + 5*m + 281 + 734 = 0, 0 = -3*c + 2*m + 1528. Suppose c = 33*y + 15. Is y composite?
True
Let j = -22712 + 59796. Suppose -572*u + j = -568*u. Is u a composite number?
True
Let v(i) = -228*i**2 + 7*i - 5. Let f be v(-7). Let q be ((4 - -1)/(-15))/(2/f). Let d = q - -1050. Is d a composite number?
True
Let j(m) = 33 + 152*m + 370*m + 4228*m. Is j(1) composite?
False
Let i = -29340 + 47013. Let l = -4720 + i. Is l a composite number?
False
Let u(y) = -y**2 + 8*y + 8. Let s be u(7). Let r = s - 10. Suppose r*a - 145 + 30 = 0. Is a prime?
True
Let f be (22/2*-2)/(12 + -14). Suppose 4*n + 16 = 0, -f*n = -4*m - 10*n + 79256. Is m composite?
False
Is (-10973610)/(-16) - 2 - 225/(-600) composite?
False
Let f(c) = 5*c**3 - 4*c**2 - 2*c + 2317. Let h(n) = 9*n**3 - 7*n**2 - 5*n + 4634. Let g(v) = -7*f(v) + 4*h(v). Is g(0) composite?
True
Let m = 7103 - -5412. Suppose -5*g + 0*g + m = 0. Is g a composite number?
False
Let q = -43 + 83. Suppose -q*a = -36463 - 137817. Is a a prime number?
True
Let b = -211 - -59. Suppose 2*t - 166 = -2*a - 684, -3*t + 255 = -a. Let p = b - a. Is p prime?
False
Let x(j) = 223*j**2 - 5*j + 25. Suppose -2*a + 3 = 9*u - 8*u, 5*u + 24 = 3*a. Is x(a) a composite number?
False
Let q(u) = -5*u**2 + 5*u**2 - 60 - 9*u + 49 + 4*u**2 + 61*u**3. Is q(5) prime?
True
Suppose 0 = -40*n - 491724 + 6419044. Is n prime?
False
Let q(j) = -58701*j**3 - 120*j - 235. Is q(-2) a composite number?
False
Is 63/(-18)*(-9)/(45/37610) composite?
True
Let k = 484750 - -413461. Is k a prime number?
True
Suppose 22*b = 82*b + b - 6449347. Is b a composite number?
False
Is (731/34 - 22)/((-1)/40514) a composite number?
True
Suppose 254337 = 3*p - 4*m, -254373 = -3*p - 24*m + 22*m. Is p a composite number?
False
Suppose -2*d - 75*w + 78*w = -137231, 3*d - 205852 = -w. Is d prime?
False
Suppose -3*a + 273184 + 213434 = 3*p, a + 3 = 0. Is p composite?
False
Let s = 249 + -253. Is 19702/8 + (-1)/s a composite number?
True
Suppose -127*z + 2700 = -123*z. Let g = z - 370. Is g composite?
True
Suppose 10*o + 450774 = 1161124. Is o prime?
False
Suppose v = 4*f - 5, -3*v - 5*f + 15 = -2*f. Suppose -v*c - 5*l + 2*l + 3207 = 0, 5*c = 2*l + 5324. Suppose -3*i + 3943 = c. Is i composite?
True
Let q(v) = 2453*v + 1678. Is q(17) composite?
True
Suppose 0 = 3*o + f - 47, -3*o + 6*f = 3*f - 51. Suppose -b = 0, 5*j - 4 = -b + o. Suppose 5*r - z - 623 = -3*z, 4*r - 508 = -j*z. Is r a prime number?
False
Let q = -3136 + 27422. Is q a composite number?
True
Let 